801 prime?
True
Is 17189442383 prime?
False
Is 9636483841 a composite number?
False
Is 78090191 prime?
True
Is 72845986441 a prime number?
False
Is 34613402669 a prime number?
True
Is 2143724171 prime?
False
Is 11427671993 prime?
True
Is 6547780801 composite?
True
Is 629227441 a composite number?
False
Is 1946608529 prime?
True
Is 312447901 a composite number?
True
Is 1290924499 a composite number?
True
Is 1246251869 prime?
True
Is 1288533613 a composite number?
False
Is 8329163 a prime number?
False
Is 387686567 a prime number?
True
Is 229673441 prime?
False
Is 1440642023 a composite number?
True
Is 4602410821 a prime number?
True
Is 264239819 a prime number?
False
Is 1505907395 a prime number?
False
Is 13353455951 a composite number?
True
Is 136565057 composite?
False
Is 5869301213 a composite number?
True
Is 841387367 prime?
False
Is 4559307937 a prime number?
False
Is 14605974499 a composite number?
False
Is 492768359 composite?
False
Is 39594769 a composite number?
False
Is 2190062657 composite?
False
Is 1795289129 a prime number?
False
Is 2213052169 composite?
False
Is 1294169939 composite?
False
Is 5379412138 a prime number?
False
Is 384136793 a prime number?
True
Is 279358301 composite?
True
Is 390591473 prime?
False
Is 67750447 composite?
True
Is 74887651 a prime number?
True
Is 5006850617 a composite number?
False
Is 8008306451 prime?
False
Is 81390501013 a prime number?
False
Is 106455353 prime?
True
Is 316610491 prime?
False
Is 12523587961 a composite number?
False
Is 7676296049 a prime number?
False
Is 4553128603 a composite number?
False
Is 320203733 a composite number?
False
Is 2338873349 a prime number?
False
Is 52396112723 prime?
False
Is 308851943 prime?
False
Is 9756515119 prime?
False
Is 18985010351 a composite number?
False
Is 511889919 composite?
True
Is 14607279443 a composite number?
True
Is 139293725653 composite?
True
Is 16959053371 prime?
False
Is 864193601 a composite number?
False
Is 37321708181 composite?
True
Is 1098157393 a composite number?
True
Is 18008013461 composite?
True
Is 73041879 prime?
False
Is 760234547 prime?
True
Is 1293975673 a composite number?
False
Is 1358283923 a prime number?
False
Is 31208804069 composite?
False
Is 33608920133 prime?
True
Is 63927359 a prime number?
True
Is 159134771 composite?
False
Is 88255331 a composite number?
True
Is 76618691777 prime?
True
Is 2704866509 a composite number?
True
Is 174915277 composite?
False
Is 8371977589 a composite number?
False
Is 6365839713 composite?
True
Is 13311147931 composite?
False
Is 73720075271 prime?
True
Is 130360106453 a prime number?
True
Is 23678272907 composite?
False
Is 733577171 composite?
True
Is 69696757435 composite?
True
Is 1956493673 prime?
True
Is 1931730851 a prime number?
True
Is 30709413821 composite?
True
Is 2479313767 prime?
False
Is 206963694089 composite?
True
Is 15114947971 composite?
True
Is 3528892441 a composite number?
False
Is 4151211835 composite?
True
Is 3656088589 a prime number?
True
Is 3207231409 composite?
False
Is 1015450901 composite?
False
Is 36522985153 a composite number?
True
Is 566292473 composite?
True
Is 2309592751 a composite number?
False
Is 13727140897 prime?
False
Is 4680957523 prime?
False
Is 1423823077 a prime number?
True
Is 1791298501 a prime number?
False
Is 6314881367 composite?
False
Is 2437957387 a prime number?
False
Is 83213229451 a composite number?
True
Is 2938089023 a prime number?
False
Is 3378131297 prime?
True
Is 5357562913 a prime number?
True
Is 23544707 a composite number?
False
Is 24256073159 composite?
False
Is 6420735311 composite?
False
Is 36669954061 a prime number?
False
Is 2117309677 prime?
False
Is 156007415 prime?
False
Is 1281306277 prime?
False
Is 403996807 prime?
True
Is 121303019 a prime number?
False
Is 158049777217 prime?
False
Is 294125123 a composite number?
True
Is 15688784971 composite?
False
Is 126422579 prime?
True
Is 11792396387 composite?
False
Is 6290775653 composite?
True
Is 11013623 composite?
False
Is 1418318401 prime?
True
Is 140489219813 a prime number?
True
Is 3680593765 a prime number?
False
Is 4218003011 composite?
True
Is 13424601083 composite?
False
Is 41808631649 prime?
True
Is 398185253 a prime number?
False
Is 273775897119 a prime number?
False
Is 1080879893 a composite number?
False
Is 20743881533 a composite number?
True
Is 3553529461 a prime number?
True
Is 1735037531 prime?
True
Is 145569817 a composite number?
True
Is 3634234841 a composite number?
False
Is 26588664983 composite?
True
Is 15737989373 composite?
True
Is 312187978 composite?
True
Is 1026219121 a composite number?
True
Is 577126903 a prime number?
False
Is 545193269 composite?
True
Is 2406565639 prime?
True
Is 928963747 a composite number?
True
Is 9522584031 a prime number?
False
Is 34198441309 a prime number?
False
Is 118011348919 a composite number?
True
Is 5988983183 composite?
False
Is 474548241 a prime number?
False
Is 3699614761 a composite number?
False
Is 1591691347 composite?
False
Is 102961360861 a composite number?
True
Is 111826063 a composite number?
True
Is 28117363 composite?
True
Is 117860478347 a composite number?
False
Is 15596454923 a prime number?
False
Is 1356029957 a prime number?
False
Is 3711662051 a prime number?
False
Is 1381869703 a prime number?
True
Is 6383685863 a prime number?
True
Is 12760207589 a composite number?
True
Is 210650933 composite?
False
Is 7798157149 composite?
False
Is 26982854711 composite?
True
Is 944449931 prime?
False
Is 136449328934 composite?
True
Is 8326099601 a composite number?
False
Is 41558126521 composite?
False
Is 9958548811 a composite number?
False
Is 3785571481 a composite number?
True
Is 1394897687 a prime number?
False
Is 8847793919 prime?
True
Is 83459953 prime?
False
Is 5865145387 a composite number?
False
Is 61736904037 a composite number?
True
Is 108049750222 prime?
False
Is 36186788833 prime?
False
Is 2451589949 composite?
False
Is 4738728983 composite?
False
Is 443051485 prime?
False
Is 4647829157 composite?
False
Is 3265758697 a prime number?
True
Is 18439888897 a prime number?
True
Is 1863607213 a composite number?
True
Is 6164138969 prime?
False
Is 1057160261 prime?
True
Is 382017959 prime?
True
Is 7492629279 composite?
True
Is 260447479 a prime number?
False
Is 103308444193 composite?
False
Is 676454431 a prime number?
True
Is 53943059 a prime number?
True
Is 2609929873 a prime number?
False
Is 34238064871 composite?
True
Is 7666049 composite?
True
Is 4112692697 prime?
True
Is 625272407 a composite number?
False
Is 15812294989 a composite number?
False
Is 53078313713 composite?
False
Is 5101166929 composite?
False
Is 13386183119 prime?
False
Is 2486790577 a composite number?
True
Is 90458815933 a composite number?
False
Is 3725213419 composite?
False
Is 272023913 composite?
True
Is 1924801051 a prime number?
True
Is 3336661817 a prime number?
False
Is 8118421427 composite?
False
Is 3569339309 a composite number?
False
Is 49302595513 a composite number?
False
Is 1252022671 a composite number?
True
Is 3580772873 composite?
False
Is 2933542187 composite?
True
Is 2982708013 prime?
True
Is 11232531341 a prime number?
True
Is 179010586 prime?
False
Is 385248611759 prime?
False
Is 1325503793 prime?
True
Is 305603087 composite?
True
Is 38890607293 a prime number?
False
Is 3005209927 a prime number?
True
Is 1345210099 prime?
False
Is 1497987251 a prime number?
True
Is 2609805199 composite?
False
Is 17184819299 prime?
True
Is 1677614207 a composite number?
False
Is 37519849 a prime number?
False
Is 8911166177 composite?
False
Is 889723139 a prime number?
True
Is 656832619 a composite number?
True
Is 410875679 composite?
False
Is 317444219 a composite number?
True
Is 4016535763 a prime number?
True
Is 440194607 prime?
False
Is 562875827 a composite number?
False
Is 3124415591 composite?
True
Is 41286617089 prime?
False
Is 9237960359 composite?
False
Is 1116129649 a prime number?
True
Is 71845399411 a composite number?
False
Is 1122172791 a composite number?
True
Is 227359026319 composite?
False
Is 1065895811 a composite number?
False
Is 17711126266 prime?
False
Is 13427947763 a prime number?
False
Is 630921099 a composite number?
True
Is 4959190723 a composite number?
False
Is 1251777973 a prime number?
Fal